se -18 = -331*c + 325*c. Calculate the remainder when 13 is divided by c.
1
Let i = 6 - 61. Let w = i - -72. Calculate the remainder when 33 is divided by w.
16
Suppose 2*z = -w + 2456, 3*w = -5*z - 0*w + 6139. What is the remainder when z is divided by 22?
19
Let n be 2 - -5 - 3/(-3). Suppose 0 = n*x - 101 - 19. Calculate the remainder when 51 is divided by x.
6
Let j = 58 + 1. Calculate the remainder when j is divided by 10.
9
Let i = -102 + 162. Calculate the remainder when 117 is divided by i.
57
Let m(c) = -c**3 - 5*c**2 - 3*c + 11. Let k be (30/(-18))/((-3)/(-9)). Calculate the remainder when 127 is divided by m(k).
23
Suppose -6 + 30 = 8*l. Suppose -4*h + 2*h = l*w - 182, w = 2*h + 50. Calculate the remainder when w is divided by 26.
6
Let a(w) = 58*w**2 + 1. Suppose -153*z = -147*z - 180. What is the remainder when a(1) is divided by z?
29
Let h(u) = 3*u**2 + u - 5. Let m be h(-7). Let w = m - 93. What is the remainder when w is divided by 15?
12
Let v(l) = -22 + 455*l - 233*l - 225*l. What is the remainder when v(-23) is divided by 25?
22
What is the remainder when ((-2178)/(-24))/(3 + 45/(-20)) is divided by 13?
4
Let h = -813 + 837. Calculate the remainder when 94 is divided by h.
22
Suppose -3*i = -3*y - i + 31, -3*y - 4*i + 55 = 0. Let a = 274 + -199. Calculate the remainder when a is divided by y.
10
Let q = -678 - -689. Let s(n) = 6*n**3 - 2*n**2 - 2*n + 3. What is the remainder when s(2) is divided by q?
6
Suppose -2*d + 4*g + 51 = d, 0 = d - g - 17. What is the remainder when 2/4 - (-2639)/58 is divided by d?
12
Let v = 12 - 9. Let r(l) = -23 - 2*l + 4*l + 5*l - v*l. What is the remainder when 30 is divided by r(10)?
13
Let o = 45 + 5. Suppose 6*j - o = 11*j. Let u = -8 - j. What is the remainder when 5 is divided by u?
1
Let v(g) = -8*g - 35. Suppose 0*z - 3*z = -30. Suppose y - r = -3*r + z, 2*r = -3*y + 42. Calculate the remainder when v(-8) is divided by y.
13
Let a = -35 + 35. Suppose a = -3*t + 53 + 7. What is the remainder when 55 is divided by t?
15
Let o = 23 + -21. Suppose -o + 9 = a. Calculate the remainder when a is divided by 2.
1
Suppose 3*j - 10 = -h, 5*j - 4 = 2*h + 9. Suppose -4*d - 2*m = -4 - 4, 4*m + 4 = 2*d. Suppose d*a - j = 5. What is the remainder when 11 is divided by a?
3
Suppose -3*m - 4 = -4*m. Suppose -2*v = m*v + 210. Let g = 49 + v. Calculate the remainder when 24 is divided by g.
10
Let j = -1 - -9. Let m = -82 - -118. Calculate the remainder when m is divided by j.
4
What is the remainder when ((-20)/15)/((-4)/324) is divided by 25?
8
Calculate the remainder when 581 is divided by 20 + -5 + -8 - -1.
5
What is the remainder when 20 is divided by 16 + (2 - -4) - 7?
5
Let l = 516 + -503. Suppose -h = -24 - 7. Let k = h + 6. Calculate the remainder when k is divided by l.
11
Let o be (0 - 1)/(9/(-45)). Suppose o = -5*x + 6*x. What is the remainder when x is divided by 4?
1
Suppose -9*k = -24*k + 810. Calculate the remainder when 267 is divided by k.
51
Let i(h) = 6*h**2 - h - 7. Let v(x) = -31*x**2 + 4*x + 35. Let l(y) = 11*i(y) + 2*v(y). What is the remainder when l(-3) is divided by 14?
10
Let f(l) = -3*l + 20. Let m be f(-7). What is the remainder when (m + 4/(-1))*3 is divided by 28?
27
Let i(s) = s**2 - 9*s + 8. Let c be i(8). Suppose c = -29*u + 25*u + 140. Calculate the remainder when u is divided by 6.
5
Let x(i) = -7*i - 6. Suppose -2 = 2*f - 4*q, -2*f - 3*f + q = -13. Let g(s) = s**2 - 6*s + 6. Let k be g(f). Calculate the remainder when 28 is divided by x(k).
13
Let v = 59 + -16. What is the remainder when v is divided by (11 + 0/1)*1?
10
Let k(c) = -c**2 - 5*c + 1. Let p be ((-30)/(-4))/((-24)/32). What is the remainder when k(-5) is divided by (-4)/p - 36/(-60)?
0
Let a(q) = -2*q - 5. Let t be a(-4). Let f(m) = 12*m - 13. Calculate the remainder when 160 is divided by f(t).
22
Suppose 0 = -4*m - 4*i + 52, -3*m - i + 3 = -38. What is the remainder when 11 is divided by (m/(-8))/(17/(-68))?
4
Let b(k) = -78*k - 926. Calculate the remainder when b(-15) is divided by 13.
10
Let g(q) = q. Let t be g(2). Let h(x) = -3*x - 3*x + 15*x**t + 6*x. What is the remainder when h(-1) is divided by 4?
3
Let t(x) = 23*x + 21. Calculate the remainder when t(4) is divided by 9.
5
Suppose j - 21 = -5. Let h(d) = -d**3 + 3*d**2 - 7*d + 43. What is the remainder when h(0) is divided by j?
11
Suppose -9*p + 133 + 227 = 0. Calculate the remainder when 156 is divided by p.
36
Let d(f) = -f**2 + 32. Let j be d(8). Let u = j - -45. Calculate the remainder when 49 is divided by u.
10
Suppose 105 - 30 = 3*z. Let q = 17 - 15. Suppose -41 = -q*o + 2*i + 3*i, -3*i - 22 = -o. What is the remainder when z is divided by o?
12
Let f be ((-3)/(-4))/((-72)/(-384)). Suppose f*w = 2*h + 9 + 13, -h + 38 = 5*w. Let o(j) = 31*j + 1. Calculate the remainder when o(1) is divided by w.
4
Suppose f - 226 = 2*l - 4*l, 238 = 2*l - 5*f. What is the remainder when l is divided by 39?
36
Let r(t) = 90*t**2 + t - 2. What is the remainder when 255 is divided by r(-1)?
81
Let h(u) = -u - 41. Suppose 5*r + w - 150 = 2*w, 0 = -5*r + 4*w + 135. Calculate the remainder when r is divided by h(-52).
9
Suppose -5*h = -s - 95, -38 = -4*h + 2*h + 2*s. Let f = -3 - -4. Let v(j) = 76*j**3 - 2*j**2 + j. Calculate the remainder when v(f) is divided by h.
18
Let i = 99 - 143. Let g = i + 78. Let f = -15 - -24. What is the remainder when g is divided by f?
7
Suppose 413*t = 411*t + 540. Calculate the remainder when t is divided by 28.
18
Suppose 0 = -2*v - 0*v. Suppose 4*w + 9 = 3*w - 3*f, v = -3*w - 4*f - 2. Calculate the remainder when w is divided by -1*2/(-2) + 1.
0
Suppose -3*h = -v - 3*v - 38, 4*h = -5*v + 30. Let u = -19 + 38. What is the remainder when u is divided by h?
9
Let r(x) = -20*x - 3. Suppose -2*b + 10 + 70 = 0. Suppose 0*w = -4*w + b. Calculate the remainder when r(-2) is divided by w.
7
Let n(v) = v**3 + 10*v**2 + 5*v - 6. What is the remainder when 179 is divided by n(-9)?
29
Suppose 4*b + 16 = 4*z, 0*b = -5*b - 4*z - 2. Let w(a) = -8*a**3 + a**2 - 5*a - 5. Let j = -6 + 31. Calculate the remainder when w(b) is divided by j.
23
Suppose 7*o = o. Suppose 7*j - 49 = -o*j. Let v(g) = g**3 + 7*g**2 + 5*g + 1. Calculate the remainder when v(-6) is divided by j.
0
Let u = -28 - -24. Let k be (-1)/(u/72*-3). What is the remainder when (39/k)/((-7)/14) is divided by 7?
6
What is the remainder when 1 + (-9)/10 + (-5858)/(-20) is divided by 99?
95
Let y(b) = 3*b**2 - 9*b - 63. Let j = 50 - -33. What is the remainder when j is divided by y(7)?
20
Suppose -7*s = -17*s + 1060. Let l = 207 - s. Calculate the remainder when l is divided by 34.
33
Let m(o) = -3*o + 0 + 3*o**2 + 7 - 12. Calculate the remainder when m(6) is divided by 11.
8
Suppose -5*g = -20, -18*n = -15*n - 5*g - 46. Calculate the remainder when 86 is divided by n.
20
Let y = -317 + 348. Suppose -k + 36 = 3*k. Let h(b) = -b**2 + 9*b + 11. What is the remainder when y is divided by h(k)?
9
Let v = 174 - 148. What is the remainder when v is divided by 9?
8
Let z = -12472 - -12577. Suppose 3*q - 140 = -2*q. What is the remainder when z is divided by q?
21
Let l be 3 + 230 - (-3 + -1). Let t = 448 - l. Calculate the remainder when t is divided by 53.
52
Let z(l) = -l**3 + 3*l - 5. Let d = -8013 - -8025. Calculate the remainder when z(-4) is divided by d.
11
Let g(k) = -k**3 - 9*k**2 - 9*k + 9. Let o be g(-7). Let a = -16 - o. Let r = -77 + 126. Calculate the remainder when r is divided by a.
9
Let h = 3318 - 3306. Calculate the remainder when 2084 is divided by h.
8
Suppose -3*u = 2*g - 1235, -3*g = -30*u + 29*u - 1869. What is the remainder when g is divided by 25?
22
Let m(a) = 21*a - 1. Let z be m(2). Suppose 59 = -2*l + 5*q, -3*q + 8 = l + 2*q. Let d = z + l. What is the remainder when 71 is divided by d?
23
Let y(w) = 2*w**3 - 17*w**2 - 26*w - 3. Let j(q) = q**2 + 2*q - 5. Let o be j(-5). What is the remainder when y(o) is divided by 2?
1
Suppose -5*z - 10 = 0, -4*v + 5*v = z + 39. Let g = v - 20. Let a = 11 - 2. What is the remainder when g is divided by a?
8
Suppose -z = 5*w - 75, 3*z = -5*w - 0*z + 75. Let x = -122 - -179. What is the remainder when x is divided by w?
12
Let k be 3 + -1*(-12)/4. Suppose -k = -2*d, 3*f + 8 = -3*d + 56. What is the remainder when 35 is divided b